(1). List the prime factors of (30/w)/(2/(-8)).
2, 3, 5
Suppose 3*u = -3*r + 903, -21 = 5*u - 6. Suppose y = f + 279 + 25, 0 = y - 5*f - r. List the prime factors of y.
2, 19
Let d be (16/3)/(2/3). Let z = -6 + d. List the prime factors of 36/27*15/z.
2, 5
Let w(i) = i**3 + 8*i**2 + 5*i + 8. Let c be w(-7). Let s = c + 32. What are the prime factors of s?
2, 3
Let w = -75 - -135. What are the prime factors of (7/(-3))/((-4)/w)?
5, 7
Let t(u) = -2*u**2 + 23*u - 13. Suppose 43 = 2*g - 5*n, -g + 6*g - 35 = -2*n. List the prime factors of t(g).
2
Suppose 4*n = x + 6, -x + 3*x - 3*n = -2. Suppose -s - x*s + 264 = 0. What are the prime factors of s?
2, 11
Suppose 0*d + d - 5 = 0. Let u(t) = 4*t + 24. What are the prime factors of u(d)?
2, 11
Suppose -3*m + 15 = -2*i + 2*m, 0 = -3*i - 4*m + 12. Suppose i*y = -5*y + 300. List the prime factors of y.
2, 3, 5
Let c be (2/(-4))/(3/(-150)). Suppose -c = 4*o + 3*l, 8 = -5*o + l + 3*l. What are the prime factors of (57/o)/(2/(-8))?
3, 19
Suppose -4*g = 3*s - 491, -6*g + 570 = -g - 5*s. Suppose -5*t + g = -76. Suppose -3*i + 2*l + t = 0, 2*i + 2*l - 36 = -0. List the prime factors of i.
3, 5
Suppose 0*j + j = 8. Let i = j - -18. Suppose i = 2*r - r. List the prime factors of r.
2, 13
Suppose 420 = 2*a - 2*y, y + 660 = 3*a + 4*y. What are the prime factors of a?
5, 43
Suppose 0 = -13*u + 640 + 5249. List the prime factors of u.
3, 151
Let o be 0/20 + 1*-1. List the prime factors of ((o - 0)/((-3)/(-201)))/(-1).
67
Suppose -45 = 2*k + 7*k. Let o(c) = -24*c - 21. List the prime factors of o(k).
3, 11
List the prime factors of 12/2*(-4 - 539/(-14)).
3, 23
Suppose -k + 5*k = d - 1821, -4*k = 4*d - 7244. What are the prime factors of d?
7, 37
Suppose -36*t + 18220 = -26*t. List the prime factors of t.
2, 911
Let g = 75 + 96. Suppose 3*u = -0*m - m + 159, 3*u - g = 3*m. List the prime factors of u.
2, 3
Suppose 35*g - 24809 = 6551. List the prime factors of g.
2, 7
Suppose 2*p + 4 = 8. Suppose n + 5*j + 22 = 0, 2*j + p + 5 = -n. List the prime factors of n.
3
Let t(g) = g**2 + 14*g + 5. Let a be t(-10). Let b = a + 9. List the prime factors of 10/65 + (-1140)/b.
2, 11
Let z be 15/9 - (-3)/9. Let p(k) = k. Let o be p(z). List the prime factors of -2 - -1 - o - -9.
2, 3
What are the prime factors of 3/2 + 25155/26?
3, 17, 19
Let x(v) = v**2 - 8*v + 12. List the prime factors of x(-11).
13, 17
Suppose 0 = -d, r + 2*r = -3*d + 15. Let a be (0 + -1)/(r/(-150)). Let g = a - 14. List the prime factors of g.
2
Let m = 485 - -1673. List the prime factors of m.
2, 13, 83
Suppose -40 = -3*g - 2*g - o, 3*o = 4*g - 32. Suppose -4*l + 3*l = -g. What are the prime factors of (-774)/(-10) - l/20?
7, 11
Let s(z) = -3*z**2 + 19*z - 17. Let f(x) = 2*x**2 - 9*x + 9. Let t(n) = 7*f(n) + 3*s(n). List the prime factors of t(6).
2, 3, 13
Let n(t) = 8*t**2 - 3*t + 3*t + 2*t + 2*t + 2. Let f be n(3). Let p = f - 61. What are the prime factors of p?
5
Let f(o) = -o**3 + 20*o**2 + 7*o - 14. Let v be f(18). Suppose c = -4*n + v - 109, 20 = -4*c. List the prime factors of n.
2, 41
Let y = -19 - -19. Suppose y = -p + 25 + 5. List the prime factors of p.
2, 3, 5
Let c(b) = 3*b**2 + 5*b - 12. Let p be c(-5). Suppose p + 230 = 2*h. List the prime factors of h.
2, 67
List the prime factors of 4/(-18) - 10*10740/(-216).
7, 71
Suppose -668 = -3*a - o, 5*a + 0*o + 2*o - 1115 = 0. Let l = 325 - a. List the prime factors of l.
2, 13
Let k be (-20)/6*60/(-25). Suppose 0 = 7*q - 3*q - k. Suppose -5*o - q*c = -122, -27 + 91 = 2*o - 3*c. What are the prime factors of o?
2, 13
Let r(m) = m**3 - 9*m**2 - 11*m + 5. Let q be r(10). Let u = q + 10. Suppose u*v - 6 = 4. List the prime factors of v.
2
Let q(n) = n**2 + 7*n + 8. Let b = -1 - 5. Let v be q(b). Suppose 0 = -5*u - 4*g + 30 + 28, -v*u = 5*g - 30. What are the prime factors of u?
2, 5
What are the prime factors of ((-20)/150*155)/((-2)/165)?
5, 11, 31
What are the prime factors of (-17)/(17/8)*443/(-4)?
2, 443
Suppose -5*r - 14 = -k, 6*k = 2*k - r + 14. Suppose -j + k = 0, -4 = -2*z - z - 4*j. List the prime factors of -2 - 10/(-2) - z.
7
Let j be ((-14)/(-4))/((-2)/4). Let x be 12 - 0*3/12. Let i = j + x. What are the prime factors of i?
5
Let r be 2*(3 + 159/6). Suppose -3 = -4*s - r. What are the prime factors of 27/(s/(-8) - 1)?
2, 3
Let b be ((-34)/5 + 2)/(20/(-250)). Let j = -21 + b. What are the prime factors of j?
3, 13
Let r(c) be the third derivative of c**5/60 + c**3 - 21*c**2. List the prime factors of r(4).
2, 11
Let l = -46 - -46. Suppose f - 5*f + 16 = 0. Suppose 3*a - a - 2*c - 36 = l, 0 = a - f*c - 3. List the prime factors of a.
23
Let m be 10/6 + (-4)/6. List the prime factors of (((-1050)/(-8))/(-5))/(m/(-4)).
3, 5, 7
Let h(b) be the second derivative of b**4/12 - 4*b**2 - 2*b. What are the prime factors of h(-6)?
2, 7
Let c(v) = 5*v**2 - 24*v + 2. Let x be c(8). Let b = -67 + x. List the prime factors of b.
3, 7
Let g = -112 + 203. Suppose 3*a - g = -31. List the prime factors of a.
2, 5
What are the prime factors of (-4312152)/(-2601) - (-4)/34?
2, 829
Let j = -92 + 97. Suppose -2*k = -4*g + k + 609, -k + j = 0. List the prime factors of g.
2, 3, 13
Let l = -1197 - -1201. Suppose -5*j + 0*j = 0. Suppose j = p - l*p + 135. List the prime factors of p.
3, 5
Let v = -97 + 94. List the prime factors of (-724 + 7)*1/v.
239
Let g be 298 + 2/(6/(-3)). Let c be 10/(-25) + g/5. Let f = 109 - c. What are the prime factors of f?
2, 5
Let g(r) be the third derivative of -r**6/120 + r**5/20 + r**4/6 - 3*r**2. Let n be g(4). Suppose -t = -n*t - 10. List the prime factors of t.
2, 5
Let a(i) = 2*i**2 + i + 6. Suppose -s - 3*y - y + 7 = 0, -s = -5*y + 20. Let c be a(s). Suppose 0 = 5*q - c - 229. List the prime factors of q.
2, 7
Let m(h) = 30*h + 16. Let j be m(-4). Let f = -90 + 27. Let w = f - j. List the prime factors of w.
41
Suppose -1800 = -288*n + 282*n. What are the prime factors of n?
2, 3, 5
Let s(o) = 2*o + 1. Let i be s(-2). Let d be (2/i)/((-8)/84). Suppose -d*r - 13 = -8*r. What are the prime factors of r?
13
Suppose 3*n - 11 = -5. List the prime factors of ((-8)/2)/(n/(-116)).
2, 29
Let p(v) = v**3 + 60*v**2 + 144. What are the prime factors of p(-59)?
5, 29
Let t(m) = -m**3 + m**2 - 9. Let f be t(0). Let n(j) = -j**3 - 5*j**2 + 6*j - 6. Let x be n(-6). List the prime factors of ((-56)/x)/((-6)/f).
2, 7
List the prime factors of 102*((-31)/(-124))/(2/376).
2, 3, 17, 47
Let h be (-4)/6*51 - -2. Let z be 12/h*-6*8. Let r = z - 1. What are the prime factors of r?
17
Let g(p) = 2*p**2 - 12*p - 4. Let o(x) = 13*x**2 - x. Let y be o(1). List the prime factors of g(y).
2, 5, 7
Suppose -5*s = -4*q + 36, 20 - 4 = 5*q + s. Let a = q - -6. Let x = a - -5. What are the prime factors of x?
3, 5
What are the prime factors of (-2)/(2/(-173))*2?
2, 173
Let n(m) = 6*m**2 + 2*m + 3. Let o be n(-5). Suppose -3*h + o = -16. List the prime factors of h.
53
Let i be (0 + 3)*1*2. Let r(u) = u**2 + u - 9. What are the prime factors of r(i)?
3, 11
Suppose -1135 = -3*f + 839. Let t = f + -254. Suppose 5*s + 4*h = -83 + t, -5*s - 3*h + 317 = 0. List the prime factors of s.
61
Suppose -285 = -266*x + 265*x. List the prime factors of x.
3, 5, 19
Suppose 0 = u - t - 96, -2*u + 5*t = 4*t - 195. List the prime factors of u.
3, 11
Suppose 3*s = -9, 0 = -r + s - 0 + 8. Suppose r*u = 813 - 293. List the prime factors of u.
2, 13
Let z(u) = u**2 - 10*u + 5. List the prime factors of z(-13).
2, 19
Suppose -3865 = -23*u + 2690. What are the prime factors of u?
3, 5, 19
What are the prime factors of 1030/5*(3/(-2) + 2)?
103
Let g(m) = -m**3 - 23*m**2 + m + 21. Let b be g(-23). Let t(h) = -76*h - 5. What are the prime factors of t(b)?
3, 7
Suppose -5*m = 3*h + 4 + 3, 4*h = -3*m - 2. Suppose 0 = -s - 4, -2*s - 9 = -5*a - h. Suppose r = 4*o - 115, a*o + 4*o - 111 = 5*r. List the prime factors of o.
29
Let j(p) = -p**3 + 25*p**2 - 6*p + 6. List the prime factors of j(-6).
2, 3, 193
Let b(l) = -l. Let m(s) = -2*s**2 - 4*s + 4. Let x(r) = b(r) + m(r). Let n be x(-4). Let a = n + 37. List the prime factors of a.
29
Let h(t) = -495*t - 247. List the prime factors of h(-5).
2, 557
Let b(z) = -z**2 - 6*z - 4. Suppose -20 = 4*c - 4. Let r be b(c). Suppose -r*y - 144 = -408. What are the prime factors of y?
2, 3, 11
What are th